b, 2*g + 2*b - 4*b + 20 = 0. Let r = 13 + g. Calculate the highest common divisor of 15 and r.
3
Let l be (2/(-3))/((-1)/(-12)). Let w be (-159)/(-4) - 2/l. What is the highest common divisor of 8 and w?
8
Let o(g) = -g**2 + 6*g - 2. Let s be o(5). Suppose -30 - 18 = -s*l. Suppose -5*n + 305 - 65 = 0. Calculate the greatest common factor of n and l.
16
Let d be 201*16/12 + 2. Suppose p + 2*p = d. Calculate the highest common divisor of 10 and p.
10
Let k = -15 - -57. Let x(w) = -12*w + 43. Let c be x(3). What is the highest common divisor of c and k?
7
Suppose -u - 2*w = -6, w = -u - 2*u + 3. Suppose f + 1 = -5*x + 7, x - f = u. What is the greatest common divisor of x and 11?
1
Suppose 20 = -75*r + 79*r. What is the highest common divisor of 30 and r?
5
Let f be (-32)/16 + -1 + 46 + 0. Calculate the greatest common divisor of 43 and f.
43
Suppose 0*n + 5*n = 0. Suppose n = -d - 2*d + 30. Calculate the greatest common factor of 70 and d.
10
Suppose 0 = -k - 3*v + 22, -3*v + 0*v = -3*k + 42. What is the highest common factor of k and 12?
4
Let v be (0 - 11*2)/(52 + -54). What is the highest common divisor of 66 and v?
11
Let v(d) = -2*d - 4. Let m be v(-3). Suppose -2*o - 3*c = -210, m*o - 5*c = -3*o + 475. Calculate the greatest common divisor of 11 and o.
11
Let u = -303 + 438. Calculate the highest common factor of u and 27.
27
Let p(r) = -33*r + 4. Let a be p(-2). Calculate the greatest common divisor of 28 and a.
14
Suppose 4*z - 4*v = 732, -z + 147 + 20 = -5*v. What is the greatest common divisor of z and 17?
17
Let t(s) = s + 28. Let b be t(0). Let i be 2/9 - b/(-36). Let f = 10 - i. Calculate the greatest common factor of 90 and f.
9
Let v = 43 + -22. Let n be (-82)/(-6) + (-2)/3 + 1. Calculate the highest common divisor of n and v.
7
Let o(x) = 6*x**2 + 3*x + 2. Let z be o(-1). Let m = 930 + -142. Suppose -148 + m = z*a. What is the greatest common factor of a and 16?
16
Let z(m) = -m**2 + 4*m + 1. Let q be z(5). Let y = 14 + q. What is the greatest common factor of 110 and y?
10
Let f be 229/3 - (-2)/(6 + -12). What is the highest common divisor of f and 19?
19
Suppose -3*l = 3*o - 0*o - 9, 0 = o - l + 3. Suppose -4*y = -2*n + 22, 9*y + 40 = 5*n + 4*y. Suppose o = -w + n. What is the highest common factor of 55 and w?
5
Suppose 2*s - 18 = -s. Let z = s - -1. Let p(f) = f**2 - 5*f + 1. Let r be p(z). Calculate the greatest common factor of 120 and r.
15
Let t be ((3 + 0)/3)/(2/160). Let y = -24 - -40. What is the highest common factor of t and y?
16
Suppose -3*r + r - 5*b + 155 = 0, 3*r - 2*b = 280. Let t be (-836)/(-14) + 8/28. Calculate the highest common divisor of t and r.
30
Let s = -85 - -133. Calculate the greatest common factor of 96 and s.
48
Suppose 5*m - 20 = 0, -3*x + m - 2 + 10 = 0. What is the highest common divisor of 12 and x?
4
Let p be (-2432)/(-15) - 14/105. What is the highest common factor of 27 and p?
27
Let g be (-1)/(-4) - 47/(-4). Calculate the highest common divisor of 96 and g.
12
Let r(m) = -m**3 - m**2 + m + 34. Let p be r(0). Suppose -p = -4*d - 2. Let o be ((-3*1)/(-3))/1. What is the highest common factor of d and o?
1
Suppose 0*f = -6*f + 210. What is the greatest common divisor of f and 7?
7
Suppose 5*d = -4*k + 49, 2*d - 10 = k - 5*k. Calculate the highest common factor of d and 104.
13
Suppose -3*m + 15 = -0*m. Suppose 3*c - 5*q + 25 = 0, c = 2*q - 3*q + m. Suppose c = y - 1 - 11. Calculate the greatest common divisor of 72 and y.
12
Suppose -v - 28 = -5*v. What is the greatest common divisor of v and 133?
7
Let p = -9 + 20. Let o be (-232)/(-3) - 1/3. What is the highest common divisor of p and o?
11
Let i(q) = q**2 - 8*q - 1. Let m be i(10). Suppose h - 13 - 44 = 0. Calculate the greatest common divisor of h and m.
19
Let r = -21 + 25. Suppose -v + r = -0*v. Calculate the highest common factor of v and 4.
4
Suppose -3*b + 165 = 3*g, -4*b - 3*g + 0*g = -225. Calculate the highest common factor of 20 and b.
20
Suppose 0 = 21*a - 25*a + 240. Suppose 0 = 3*q + q - a. Calculate the highest common divisor of q and 135.
15
Let t be (-1 - 99)*(-3 + 1 - -1). Calculate the highest common factor of t and 20.
20
Let q = -14 + 16. Let t be (-1)/4 + 260/16. What is the greatest common factor of q and t?
2
Suppose 4*c = -q + 7, -c + 3*q = -6*c. Let p(g) = g**3 - 2*g**2 - g - 4. Let x be p(c). Calculate the highest common factor of x and 16.
2
Let q(j) = -j - 2. Let g be q(-5). Suppose -3*i + 3 = -2*b - 4, i = -g*b + 17. Calculate the highest common factor of 4 and b.
4
Let d be 2 + -1 - 1*-14. Let g(y) = y**2 + 6*y + 3. Let u be g(-7). Calculate the greatest common divisor of d and u.
5
Let q = -12 - -16. What is the highest common divisor of 4 and q?
4
Suppose 4*c + k - 21 = 0, -8 = -2*c - 0*k + 2*k. Let l(p) = 4*p**2 + p. Let z be l(-1). Suppose 10 = 2*r + z*r. Calculate the highest common factor of c and r.
1
Let f be 1/3 + 60/9. Suppose -3*p - 20 = -f*p. Let s = p + -3. Calculate the highest common divisor of 14 and s.
2
Suppose 2*v + 3*q = 170, 3 + 5 = -2*q. Let x be 498/(-26) - 20/(-130). Let z = -6 - x. What is the highest common divisor of z and v?
13
Let b be (2 - 120/18)*-3. What is the highest common divisor of 28 and b?
14
Suppose 0 = 3*k + 4*d - d - 54, 2*k = -d + 37. Suppose -j = 3*j - 380. What is the greatest common factor of k and j?
19
Let b be (-3)/(-2) - 3*98/(-4). What is the greatest common divisor of 25 and b?
25
Let r(z) = -29*z - 7. Let i be r(-2). Let j = 29 + i. Calculate the greatest common factor of j and 16.
16
Suppose -5*r + 29 = 2*a, -84 = -5*a - 3*r - 2. Suppose 0 = -3*x - 4*u + 40, -a = -4*u - 1. What is the greatest common divisor of x and 32?
8
Suppose 0 = -2*q + 3 + 1. Calculate the highest common factor of 2 and q.
2
Let x = 7 + -1. Let c(p) = 10*p + 5. Let d be c(x). What is the highest common factor of d and 13?
13
Suppose 0 = -4*x - 3*m + 19, -2*m = -0*x + x - 6. Suppose 28 = -2*h + x*h. Calculate the highest common factor of 2 and h.
2
Suppose 15 = d - 0*d. Let z = 139 - 79. Calculate the greatest common divisor of z and d.
15
Let f = 68 - -16. What is the greatest common divisor of f and 21?
21
Let f = 54 + -29. What is the highest common factor of 125 and f?
25
Suppose 2*y + 4*n = -0*n + 30, 5*y - 96 = -3*n. Suppose 0 = 5*c + 11 + 4. Let u be c/(-6)*21*8. Calculate the highest common factor of y and u.
21
Let p = -27 - -18. Let f be 29 - -3*3/p. What is the greatest common factor of f and 70?
14
Let k = -106 + 214. What is the highest common factor of k and 12?
12
Suppose -14*h + 11*h - 6 = 0. Let p be (h/(-6))/(8/192). Calculate the highest common factor of 64 and p.
8
Let q(a) be the first derivative of -a**4/4 - a**3/3 - 3*a**2 + 2*a + 2. Let j be q(-5). Suppose 12 = 4*u - 36. Calculate the greatest common factor of j and u.
12
Let u(v) = 3*v - 8. Let p be u(8). Suppose -5*n + 375 = -265. What is the highest common factor of n and p?
16
Suppose z - 370 = -4*s + 3*z, -3*z = s - 75. What is the greatest common divisor of 36 and s?
18
Suppose -10 - 270 = -10*w. Calculate the greatest common factor of w and 4.
4
Let a(k) = -k**2 + 5*k - 2. Let j be a(3). Suppose -2*s + 0*s = -20. Calculate the highest common divisor of j and s.
2
Suppose 4*f = -3*b + 7, 3*f + 0*f + 3 = -5*b. Let d be 0/b - (0 - 2). What is the highest common factor of d and 1?
1
Let m = 7 + -2. Suppose 3*n = m*n - 28. What is the greatest common factor of n and 14?
14
Let z = 346 - 152. Let g be -14 - -11 - -1*11. Let x be (-1)/4 + z/g. Calculate the highest common factor of x and 3.
3
Let m(q) be the third derivative of q**6/120 + q**4/12 + q**3/2 + q**2. Let i be m(3). What is the greatest common divisor of i and 24?
12
Suppose 5*b + 158 = 233. Calculate the greatest common divisor of 3 and b.
3
Suppose 0 = 2*q - 3*d + 5*d - 40, -5*d = 4*q - 80. Let u = -1 + 9. What is the highest common divisor of u and q?
4
Let l be ((-2*22)/(-1))/(22 - 20). Calculate the greatest common divisor of 44 and l.
22
Suppose 0 = -2*s + 3*s - 4, 2*h = -5*s + 132. Calculate the greatest common divisor of 14 and h.
14
Suppose 0 = 2*t - 3*l + 2, -4*t + 2 = t - 4*l. What is the greatest common divisor of t and 8?
2
Let a = 4 - 10. Let b be a/15 + (-21)/(-15). Calculate the highest common factor of 11 and b.
1
Let l = 15 - 